
12
Calculate the remainder when 146699 is divided by 326.
325
What is the remainder when 326496 is divided by 250?
246
Calculate the remainder when 3429 is divided by 258.
75
Calculate the remainder when 9815 is divided by 752.
39
Calculate the remainder when 2366 is divided by 2058.
308
Calculate the remainder when 62767 is divided by 12553.
2
What is the remainder when 911 is divided by 229?
224
What is the remainder when 716686 is divided by 63?
61
Calculate the remainder when 34637 is divided by 654.
629
Calculate the remainder when 931733 is divided by 1691.
1683
What is the remainder when 33031 is divided by 100?
31
Calculate the remainder when 13854 is divided by 61.
7
What is the remainder when 9299 is divided by 328?
115
Calculate the remainder when 1397 is divided by 87.
5
Calculate the remainder when 5544 is divided by 3275.
2269
What is the remainder when 82090 is divided by 76?
10
What is the remainder when 213008 is divided by 277?
272
Calculate the remainder when 219496 is divided by 1407.
4
What is the remainder when 84924 is divided by 933?
21
What is the remainder when 154053 is divided by 42?
39
What is the remainder when 33054 is divided by 341?
318
What is the remainder when 32437 is divided by 1010?
117
Calculate the remainder when 871 is divided by 492.
379
Calculate the remainder when 99124 is divided by 33037.
13
Calculate the remainder when 1087 is divided by 711.
376
What is the remainder when 13568 is divided by 753?
14
What is the remainder when 8702 is divided by 1235?
57
Calculate the remainder when 6046 is divided by 783.
565
Calculate the remainder when 5810 is divided by 386.
20
What is the remainder when 92220 is divided by 32?
28
Calculate the remainder when 99255 is divided by 24810.
15
Calculate the remainder when 13246 is divided by 826.
30
Calculate the remainder when 432125 is divided by 64.
61
Calculate the remainder when 556328 is divided by 21.
17
Calculate the remainder when 10125 is divided by 289.
10
Calculate the remainder when 40037 is divided by 40.
37
What is the remainder when 61 is divided by 51?
10
What is the remainder when 1861 is divided by 158?
123
What is the remainder when 3786 is divided by 1863?
60
What is the remainder when 108866 is divided by 168?
2
Calculate the remainder when 3318 is divided by 92.
6
What is the remainder when 8423 is divided by 18?
17
What is the remainder when 68395 is divided by 66?
19
Calculate the remainder when 956 is divided by 160.
156
Calculate the remainder when 7654 is divided by 1090.
24
Calculate the remainder when 763431 is divided by 437.
429
Calculate the remainder when 10210 is divided by 74.
72
What is the remainder when 4890 is divided by 158?
150
What is the remainder when 21718 is divided by 6?
4
What is the remainder when 5031 is divided by 1658?
57
Calculate the remainder when 27602 is divided by 67.
65
Calculate the remainder when 69972 is divided by 40.
12
What is the remainder when 4957 is divided by 232?
85
Calculate the remainder when 4518 is divided by 3926.
592
What is the remainder when 1726 is divided by 47?
34
What is the remainder when 4835 is divided by 59?
56
What is the remainder when 8034 is divided by 48?
18
Calculate the remainder when 62363 is divided by 124.
115
Calculate the remainder when 4496 is divided by 4181.
315
What is the remainder when 5274 is divided by 599?
482
What is the remainder when 4660 is divided by 575?
60
What is the remainder when 1809891 is divided by 518?
517
Calculate the remainder when 94897 is divided by 9.
1
Calculate the remainder when 811 is divided by 34.
29
Calculate the remainder when 10817 is divided by 135.
17
Calculate the remainder when 1028 is divided by 14.
6
Calculate the remainder when 2298 is divided by 446.
68
Calculate the remainder when 29847 is divided by 711.
696
What is the remainder when 5649 is divided by 151?
62
What is the remainder when 383190 is divided by 160?
150
What is the remainder when 23815 is divided by 377?
64
Calculate the remainder when 361 is divided by 52.
49
Calculate the remainder when 9835 is divided by 3252.
79
Calculate the remainder when 14290 is divided by 60.
10
What is the remainder when 1735691 is divided by 53?
47
What is the remainder when 58868 is divided by 64?
52
What is the remainder when 13862 is divided by 1471?
623
Calculate the remainder when 17367 is divided by 792.
735
Calculate the remainder when 4281 is divided by 240.
201
What is the remainder when 140902 is divided by 6709?
13
What is the remainder when 107774 is divided by 1517?
67
What is the remainder when 19282 is divided by 5?
2
What is the remainder when 468 is divided by 227?
14
What is the remainder when 29393 is divided by 354?
11
What is the remainder when 395083 is divided by 562?
559
Calculate the remainder when 17792 is divided by 8888.
16
Calculate the remainder when 6557 is divided by 578.
199
Calculate the remainder when 27324 is divided by 181.
174
Calculate the remainder when 233017 is divided by 238.
15
What is the remainder when 23578 is divided by 19?
18
What is the remainder when 68510 is divided by 1851?
23
Calculate the remainder when 2783 is divided by 173.
15
What is the remainder when 31466 is divided by 172?
162
What is the remainder when 29052 is divided by 4?
0
Calculate the remainder when 800461 is divided by 34.
33
What is the remainder when 8978 is divided by 4470?
38
What is the remainder when 2027275 is divided by 124?
123
What is the remainder when 289095 is divided by 81?
6
Calculate the remainder when 3815 is divided by 159.
158
Calculate the remainder when 1108 is divided by 486.
136
What is the remainder when 42212 is divided by 308?
16
What is the remainder when 807 is divided by 385?
37
What is the remainder when 17322 is divided by 17311?
11
What is the remainder when 12535 is divided by 12405?
130
What is the remainder when 257 is divided by 15?
2
What is the remainder when 58997 is divided by 41?
39
What is the remainder when 12402 is divided by 822?
72
Calculate the remainder when 971 is divided by 930.
41
Calculate the remainder when 4494 is divided by 2130.
234
Calculate the remainder when 23723 is divided by 435.
233
What is the remainder when 21692 is divided by 5392?
124
Calculate the remainder when 655 is divided by 474.
181
Calculate the remainder when 722710 is divided by 2002.
1990
Calculate the remainder when 5439 is divided by 1437.
1128
What is the remainder when 10740 is divided by 633?
612
Calculate the remainder when 348012 is divided by 116003.
3
Calculate the remainder when 842996 is divided by 120.
116
Calculate the remainder when 618031 is divided by 53.
51
What is the remainder when 501961 is divided by 583?
581
What is the remainder when 41548 is divided by 20756?
36
What is the remainder when 6764 is divided by 429?
329
What is the remainder when 2170 is divided by 1078?
14
Calculate the remainder when 1001 is divided by 9.
2
What is the remainder when 4501 is divided by 563?
560
What is the remainder when 67087 is divided by 919?
0
What is the remainder when 26965 is divided by 314?
275
What is the remainder when 21225 is divided by 2648?
41
What is the remainder when 102822 is divided by 33?
27
Calculate the remainder when 1052621 is divided by 2807.
2803
Calculate the remainder when 14415 is divided by 1322.
1195
What is the remainder when 41948 is divided by 163?
57
What is the remainder when 372120 is divided by 1707?
1701
What is the remainder when 29139 is divided by 2647?
22
What is the remainder when 40029 is divided by 36?
33
What is the remainder when 1869 is divided by 149?
81
Calculate the remainder when 2553335 is divided by 18.
17
Calculate the remainder when 817183 is divided by 200.
183
Calculate the remainder when 1921 is divided by 215.
201
Calculate the remainder when 5545 is divided by 65.
20
Calculate the remainder when 3811 is divided by 100.
11
What is the remainder when 28526 is divided by 21?
8
Calculate the remainder when 1181201 is divided by 188.
185
What is the remainder when 6573 is divided by 84?
21
What is the remainder when 2495 is divided by 830?
5
Calculate the remainder when 1515 is divided by 347.
127
Calculate the remainder when 39702 is divided by 176.
102
Calculate 